se
Suppose -2811196 = -448*k + 3414021 + 259135. Is 5 a factor of k?
False
Suppose 0 = -251*l + 715898 - 59533. Is 31 a factor of l?
False
Let y(g) = 16*g - 20. Let o = 58 - 35. Is y(o) a multiple of 29?
True
Let r(m) be the first derivative of 7*m**2 - 42*m - 104. Is 68 a factor of r(12)?
False
Let v be -3*(-6)/3*(-8)/(-16). Let a(t) = -5*t**3 - 5*t**2 + 6*t - 6. Let z(y) = 5*y**3 + 4*y**2 - 5*y + 6. Let q(l) = 3*a(l) + 4*z(l). Is 18 a factor of q(v)?
True
Let z = 484 + -499. Let r(m) = 3*m**2 + 32*m + 29. Is 4 a factor of r(z)?
True
Suppose -19 + 28 = 3*p. Suppose -f - 2*m - p*m = -24, 3*f + 5*m = 92. Suppose -3*v + 3*g + f = 2*v, 3*v = -3*g + 30. Is v a multiple of 2?
True
Suppose 77*j + 14574 - 66665 = 77269. Does 12 divide j?
True
Let z(f) be the second derivative of 8*f + 1/4*f**4 + 0*f**2 + 0 - 13/6*f**3. Does 33 divide z(10)?
False
Let o be ((-14)/6)/(-5 + 244/48). Is (-8)/o + 6152/28 + 2 a multiple of 37?
True
Let t be (4 - 5/2)/(3/42). Suppose q = 4*r + r + 71, 52 = -4*r + 2*q. Let n = t - r. Does 9 divide n?
True
Suppose n + 2*y - 29 = 0, 0 = 4*n - y + 5*y - 128. Suppose -277 - n = -3*t. Suppose 4*z + 2*j - t = 414, z - 127 = 2*j. Is z a multiple of 43?
True
Let z(u) = 2*u - 2. Let h be z(0). Let r(v) = -27*v**2 + 3*v - 1. Let m be r(h). Let k = m - -302. Is k a multiple of 11?
True
Suppose 0 = -6*s - 10*s + 32. Let f be ((-2)/(-4))/(s/16). Let i(g) = 4*g**3 - 7*g**2 + 2*g + 8. Is 10 a factor of i(f)?
True
Suppose 289 = j + s - 4018, -3*j = -2*s - 12931. Does 31 divide j?
True
Let b(w) = 109*w**3 + 6*w**2 - 42*w + 57. Does 22 divide b(7)?
True
Suppose 3*w + 399 = z, 8 = 4*w - 8. Suppose 3*h - z = 5*b, -3 = 3*b + 6. Suppose -h = m - 5*m - 4*f, 4*m = 2*f + 150. Is m a multiple of 36?
True
Is 2 a factor of 86635/9 - (-403)/(-3627)?
True
Let x(m) = -m**2 - 7*m - 5. Let j be x(-6). Let a be (0/j + 5)*1. Suppose -a*i + 0*i + 10 = 0. Is i even?
True
Let w(n) = n**2 + 15*n - 1. Let c(g) = -35*g - 18. Let t be c(0). Is 24 a factor of w(t)?
False
Suppose 5*c = 2*x - 60 - 83, 3*x + 5*c = 227. Suppose -4*a = -o - 136, -a + 4*o + 89 = 2*a. Let v = x - a. Is 29 a factor of v?
False
Let o = -24513 - -43094. Is 11 a factor of o?
False
Suppose -21*t + 2*g + 8 = -18*t, 2*t - 5*g = 20. Suppose t = 5*h - 4*m - 7169, 1361 + 2934 = 3*h + 4*m. Is h a multiple of 12?
False
Is 9 a factor of (44 - (-11 + 22))*(-102)/(3/(-3))?
True
Suppose -p + 6*p = 5*t + 55, 5*p - 2*t - 40 = 0. Is 38 a factor of (237/p)/(-1 + (-11)/(-10))?
False
Suppose 3*g = 8*g - 5*k - 25, 0 = -4*k + 12. Suppose 248 = 3*i - 2*r, 0 = 2*i + 3*r + g - 195. Is 43 a factor of i?
True
Suppose -68*u = -139*u + 51*u + 283360. Is 28 a factor of u?
True
Let c be 10/45 + 282/(-54) + 25. Suppose -c*a + 25*a = 7940. Does 14 divide a?
False
Let k(u) be the second derivative of 7*u**3/3 + 53*u**2 + 34*u. Is 14 a factor of k(15)?
False
Let o(a) be the second derivative of 3*a**5/5 + a**4/6 - 7*a**3/6 + 7*a**2/2 + 17*a. Does 22 divide o(3)?
False
Is (11790/(-917))/((-3)/1358) a multiple of 10?
True
Let a be 65/20 - 1/4. Suppose -48 = -a*u + 486. Let y = u + -130. Is y a multiple of 12?
True
Suppose 2*v - 26173 = -3*a, 5*a - 291*v - 43620 = -294*v. Is 45 a factor of a?
False
Suppose z = -3*r + 61461, -4*r - 315223 = -5*z - 7956. Is 284 a factor of z?
False
Let p(c) be the second derivative of 125*c**3/3 + 35*c**2/2 - 3*c - 17. Is p(6) a multiple of 33?
False
Let l(h) = h**2 - 3*h - 7. Let i = -7 + 11. Let y be l(i). Does 37 divide (-331)/y + (-10)/(-15)?
True
Let m = 8418 - 4337. Is 5 a factor of m?
False
Let d = 11 - -59. Is 60 a factor of (d + (-21)/(-3))*108/14?
False
Let p(y) = y**3 + 6*y**2 + 3*y - 5. Let z be p(-5). Let u = -1310 - -1314. Suppose -u*o = 3*s - 58, 9*s + 3*o - 75 = z*s. Is 4 a factor of s?
False
Is (16 + 330/(-10))*-249 a multiple of 51?
True
Suppose -5*y + 148 - 138 = 0, -3*y = -3*p + 21978. Is p a multiple of 13?
False
Suppose 0 = -0*b - 4*b + 384. Suppose 3*v - b = -5*v. Does 36 divide (6*-5)/1*v/(-10)?
True
Suppose -v = -4*t - 1172, -5*v = 7*t - 5*t + 586. Let g = t - -797. Does 15 divide g?
False
Suppose 4*g - 20 = -4*n, 5 = g - 0*n - n. Let d = g + 32. Suppose -5*m + d + 63 = 0. Does 13 divide m?
False
Suppose -13958 = -19*k + 13174. Suppose -14*x + 13804 - k = 0. Does 26 divide x?
True
Suppose -28*h + 15062 = -11021 - 2169. Is h a multiple of 20?
False
Let s = 887 + -466. Suppose -8*b + s = 21. Is b a multiple of 3?
False
Let l = -355 + 502. Suppose 0 = -4*h + 3*d + 351, 3*h - 4*d = 118 + l. Is h a multiple of 12?
False
Is (-10)/(-140) + (-3 - 293940/(-56)) a multiple of 86?
True
Suppose 3*g - 5*n - 96555 = 0, 0 = -22*g + 25*g + 4*n - 96501. Does 33 divide g?
True
Let y(t) = -100 - 542*t + 22 + 4*t**2 + 711*t. Is y(-46) a multiple of 9?
True
Suppose 19*y = 305 + 55422. Is 5 a factor of y?
False
Suppose 0 = -0*g + 2*g - 8. Suppose -352 = r - 5*r - 3*p, -p + g = 0. Suppose -r = -2*h - 19. Does 9 divide h?
False
Let c = 1366 + 5644. Suppose 9*z = 1603 + c. Does 28 divide z?
False
Let t(n) = -8*n**3 - 4*n**2 - 6*n - 66. Is t(-12) a multiple of 34?
False
Let l = 194 + -339. Let o = 235 + l. Is 1*o*(-22)/(-33) a multiple of 30?
True
Let f(m) = -3800*m - 800. Is 50 a factor of f(-4)?
True
Let c(f) = 205*f**2 + 108*f - 1130. Does 47 divide c(11)?
True
Let x be (-4 - 270/(-65)) + 152/26. Does 11 divide 77/(-22)*x/(-7) - -11?
False
Suppose -25 = 5*q, -5*c - 15*q = -14*q - 23235. Is c a multiple of 7?
True
Suppose 146475 = 28*n - 120195 - 100298. Is 33 a factor of n?
False
Is 6 a factor of (-5 + 8)*(-6 + 7)*(349 + -3)?
True
Let b = 5234 - 1804. Does 70 divide b?
True
Let x(v) = -v**2 + 25. Let l be x(-4). Suppose -l*u + 2*t + 788 = -6*u, -5*t - 540 = -2*u. Does 20 divide u?
True
Suppose 5*l - 2*g = -390, 2*g - 314 = 3*l + l. Let k = 204 + l. Let m = -44 + k. Does 21 divide m?
True
Let n(z) = z**2 + z + 3. Let j be n(9). Suppose 55 = 2*r + 2*o - 125, 0 = -r - 4*o + j. Is r a multiple of 4?
False
Suppose -2*d + 747 = 3503. Let g = -928 - d. Let t = -260 + g. Does 38 divide t?
True
Let h(j) be the second derivative of 2*j**4/3 + j**2 + 16*j. Let r be h(2). Suppose r - 88 = -x. Does 18 divide x?
True
Let i = -715 + 1135. Does 15 divide i?
True
Let i(q) = 19*q - 24. Let z(j) = -9*j + 12. Let n(d) = 6*i(d) + 13*z(d). Let r be n(3). Suppose 5*x = r*l - 0*x - 75, 0 = -5*l + 2*x + 144. Is 5 a factor of l?
True
Let n(b) = b**2 + 29*b - 61. Let z be n(2). Let h(p) = -3*p**2 - 8*p**2 + 51*p**2 - 1. Is 8 a factor of h(z)?
False
Let j = -672 + 567. Suppose 3*l - 3*a - 465 = 0, 4*l - 2*a - 527 = 91. Let t = j + l. Is 8 a factor of t?
False
Suppose 0 = c - 3*j - 2082 - 608, 3*j - 13396 = -5*c. Is 10 a factor of c?
False
Let w(m) = -5*m**3 + 6*m**2 + 9*m + 8. Let j be w(-6). Suppose 0 = -5*q + 5*o + j, 271 = 2*q + 3*o - 239. Is q a multiple of 21?
True
Suppose -119952 = 346*i - 367*i. Does 102 divide i?
True
Let g = 80 - -11348. Is 6 a factor of g?
False
Let v = -117 - -99. Let a(i) = i**3 + 17*i**2 - 19*i + 27. Is a(v) a multiple of 9?
True
Let p = 266 - 250. Suppose -p*i + 14*i = -8, -2*k = -i - 1400. Does 13 divide k?
True
Suppose 0 = 13*n + 494 + 260. Let d(k) = 6*k**3 - 5*k**2 + 3*k + 2. Let h be d(3). Let x = h + n. Is x a multiple of 14?
True
Let n(b) = -6*b**3 - 4*b - 4. Let y be n(-2). Suppose y = 10*r + 12. Is 29 a factor of r*203/112*(-28)/(-1)?
True
Does 50 divide 300/((-28)/160*15/(-70))?
True
Let d = -8137 - -8404. Is 7 a factor of d?
False
Suppose 59*v = 481403 + 96325. Does 32 divide v?
True
Suppose 106*a - 233280 = 96*a. Is a a multiple of 27?
True
Suppose -25*v + 47940 = -8*v. Suppose -13*x + 19*x - v = 0. Is x a multiple of 47?
True
Let d = -39 - -39. Let g be (2 - -367)/(d + -1). Let s = 552 + g. Does 42 divide s?
False
Suppose 3*m + 12 = 6*m. Suppose -7*y = 5*c - 8*y - 103, m*c - 92 = 4*y. Suppose -c - 348 = -2*n. Does 18 divide n?
False
Let l(p) be the second derivative of -13*p**3/6 + 43*p**2 + 33*p. Is l(-16) a multiple of 15?
False
Let t be ((-84)/(-4 + 8))/(-1). Suppose -t*i = -27*i + 24. Suppose -i*g - 3*c + 260 = 0, -2*c = 4*g - 231 - 29. Is 15 a factor of g?
False
Is 21 a factor of (-8)/(-14) + -12 + (-73810)/(-70)?
False
Suppose -4*u + 3*k - 162 + 3109 = 0, 0 = 3*k + 15. Is u a multiple of 5?
False
Let x(p) = -p**3 - 59*p**2 - 175*p - 164. Is 3 a factor of x(-56)?
True
Le